 b(-3). Let a be ((-6)/10)/(i/20). Let c(k) = -2*k - 1. What is c(a)?
5
Let r(a) = -7*a**3 - 12*a**2 - 7. Let x(h) = 3*h**3 + 6*h**2 + 4. Let y(m) = 2*r(m) + 5*x(m). Suppose -2*b - 30 = 3*b. What is y(b)?
6
Let j(f) be the second derivative of -f**3/6 - f**2/2 + 7*f. Suppose 2*v + 11 = u + 2*u, -2*v - u = 7. Determine j(v).
3
Let r(c) = -4 - 3 + 2*c + 6 + 3. What is r(-4)?
-6
Let w(r) = 10*r. Let l(y) = 8*y + 1. Let s(d) = -3*l(d) + 2*w(d). Suppose 0 = 5*g - 3*v - 3, -2*g = -0*g + 4*v - 22. Calculate s(g).
-15
Let r(j) = -j**3 - 4*j**2 + 4*j - 3. Let d(w) = w - 1. Let k be d(5). Suppose -2*g + 10 = -k*g. Determine r(g).
2
Let g = -82 + 87. Let z(y) be the second derivative of -1/6*y**3 + 2*y - 3/2*y**2 + 0 + 1/20*y**g - 5/12*y**4. Calculate z(5).
-8
Let v = 3 - 0. Suppose 2*r - 8 = -2*r - 2*b, -v*b - 9 = -r. Let k(h) = -2*h**2 + 2*h + 4. Determine k(r).
-8
Let v be 0 + 3 + -3 + 3. Let r(d) = 3*d**3 - 2*d**v - d**3 - d**3 - 4 + 5*d**2. Calculate r(4).
12
Let a(w) = w + 1. Let f be (0/3 - -4) + -5. Let b(t) = -6*t - 3. Let z(q) = f*b(q) - 5*a(q). Calculate z(-4).
-6
Let s(x) = -x**3 - 5*x**2 + 3*x + 2. Let t be -16 + 17 - (6 + 0/1). What is s(t)?
-13
Suppose -2*b + 12 = -4*c, 0*c = -5*b + c + 3. Let j(m) = m - 6. What is j(b)?
-6
Let m(h) = h + 2. Let u be 4/6 - 850/(-30). Suppose -5 + u = -4*j. Give m(j).
-4
Suppose 14*n = 11*n + 6. Let b(u) be the third derivative of u**4/24 - u**3/6 - u**2. Determine b(n).
1
Let y(k) be the third derivative of k**4/24 + 5*k**3/6 - 2*k**2. Suppose 0 = -2*v - 3*v. Let d be y(v). Let w(q) = -q**2 + 4*q + 5. What is w(d)?
0
Let b(c) = c + 3. Suppose p + 4 = -4*d, -4*d + 20 = -0*d - 5*p. Give b(d).
3
Let h(t) = -t + 2. Let k be ((-10)/3)/((-10)/15). Calculate h(k).
-3
Let d(z) = 11 + 0 - 5*z + 4*z. Let v be 3 + (-6)/(4/2). Let f be (v - (0 + -3)) + 2. Give d(f).
6
Let s(r) = -r**2 + 4*r + 6. Let t be (-16)/1*(-12)/16. Let k(x) = -x + 17. Let h be k(t). What is s(h)?
1
Suppose -2*v = -8, 0 = -4*x + 2*v - 5*v + 12. Let r(k) = -16*k + 39. Let h(p) = -3*p + 8. Let i(o) = 11*h(o) - 2*r(o). Give i(x).
10
Let g(o) = -o**3 - o - 1. Let s(x) = 5*x**3 + 6*x**2 + 14*x. Let l(a) = 6*g(a) + s(a). Calculate l(7).
1
Let x(i) = i**2 + 8. Let q(j) = j**3 - 6*j**2 + 6*j - 5. Let d be q(5). Determine x(d).
8
Let i(h) be the first derivative of 5*h**2 + h + 10. Determine i(-1).
-9
Let u(k) = 3*k**3 - 4*k**2 + 4*k + 8. Let a(c) = -c**3 - 1. Let n(d) = -4*a(d) - u(d). Calculate n(-3).
17
Let m(w) = w + 2 - 3 + 4 - 1. Let s be m(-2). Let z(y) = 5*y - 6. Let t(b) = 4*b - 5. Let d(a) = -6*t(a) + 5*z(a). What is d(s)?
0
Suppose -5*d + 10 = -3*d. Let g(u) = -u**2 + 7*u - 1. Give g(d).
9
Let x(f) = -f**2 - 10*f + 2. Let w = -29 - -21. Give x(w).
18
Suppose 6*v + 4*g - 19 = 5*v, -g + 24 = 3*v. Let w(t) = 10*t**2 - 9*t + 19. Let c(h) = -3*h**2 + 3*h - 6. Let j(i) = v*c(i) + 2*w(i). Calculate j(3).
-4
Let v(z) = -z**2 + 3*z - 3. Suppose -2*p = 2*p + 5*a + 6, 0 = -3*a - 6. Let l be -3 - p*(-1)/1. Let r be -1 - 0 - l*2. Determine v(r).
-3
Let u(r) = -5*r + 1. Let v = -8 + 6. What is u(v)?
11
Let s = -12 - -7. Let b be 2/(-7) + (-150)/(-35). Let z(g) = 4*g - b*g + g - 4*g - 6. Determine z(s).
9
Let t(f) = f**2 - 3*f + 3. Let v be t(2). Let y(p) = -6*p**2 + p - 1. Give y(v).
-6
Suppose 0 = -4*z + 8 - 0. Let b be 4 + -6 + (2 - z). Let o(w) = w**2 + 4*w + 3. Calculate o(b).
-1
Let q be (9/15)/((-3)/(-30)). Let z(a) = -a**2 + 7*a - 7. Calculate z(q).
-1
Let u(w) = w**3 + 3*w**2 - 4*w. Let o be -7 - 6*(-1)/2. Let k be (-1)/o - 17/4. Give u(k).
0
Let g(a) = 0*a**2 + 8*a**2 + 6*a - 7 - 9*a**2. Give g(6).
-7
Let f(k) = k**3 - 3*k**2 - 3*k. Suppose -2*s - 5 = 1. Let t(y) = -y**2 - 3*y + 3. Let v be t(s). Suppose n = -n - v*a + 8, 4*n = 3*a + 16. Calculate f(n).
4
Let o(n) be the second derivative of -n**4/12 - n**3/6 + 2*n**2 - 6*n. Let t be 20/(-6) - (-12)/(-18). Calculate o(t).
-8
Suppose -5 = -3*q - 2*q. Let o(c) be the first derivative of c**5/20 + c**3/6 - c**2/2 - 1. Let f(y) be the second derivative of o(y). What is f(q)?
4
Suppose -11*o = -14*o. Let j(d) be the third derivative of 0*d + 0*d**3 + 2*d**2 - 1/30*d**5 + o + 1/8*d**4. Determine j(2).
-2
Let t = -57 + 58. Let i(h) = -3*h**2 - 1 + 3*h**2 + 3*h**2. Calculate i(t).
2
Suppose p + 1 = -0. Let j(x) = 9*x**3 - 2*x**2 + 5*x - 9. Let d(l) = 5*l**3 - l**2 + 2*l - 4. Let w(y) = -7*d(y) + 3*j(y). Determine w(p).
9
Let h(l) = 5*l**3 + 2*l - 1. Let c = -8 - -9. Give h(c).
6
Let q(o) = -9*o**2 - 3*o + 9*o + 2 + 5*o**2 + 5*o**2. What is q(-4)?
-6
Let u(w) be the first derivative of w**3/6 - w**2 - 6*w - 5. Let l(v) be the first derivative of u(v). Determine l(5).
3
Suppose -13 + 1 = -4*s. Suppose -4*d = 5*j + 35, j - 2*j = 2*d + 7. Let p = s + j. Let b(x) = -x**2 - 3*x + 5. What is b(p)?
1
Let y(j) = -3 + 382*j - j**2 - 382*j. Determine y(0).
-3
Suppose 5*k - 9 = 2*n, 0 = -3*k + 8*k - 15. Let p(h) be the third derivative of -h**4/24 - h**3/2 - h**2. Determine p(n).
-6
Let d = 9 + 7. Suppose 0 = -4*v - d, 5*v = -2*w - 44 + 18. Let z(q) = -q**2 - 2*q - 4. Determine z(w).
-7
Let b(l) be the first derivative of -l**2 + 1/4*l**4 + l + 1/3*l**3 - 3. Determine b(-2).
1
Let q(p) be the first derivative of -p**4/4 - 5*p**3/3 + p**2 + 6*p - 9. What is q(-5)?
-4
Suppose 9 = 4*a - 3. Let n(v) be the third derivative of 2*v**2 - 1/30*v**5 + 0*v + 0 + 1/3*v**a - 1/24*v**4. What is n(-2)?
-4
Suppose -3*o = -0*o - 6. Let b(h) = -h**3 - h + 1. Let k(s) = 5*s**3 - 2*s**2 + 5*s - 6. Let y = 15 + -11. Let g(i) = y*b(i) + k(i). What is g(o)?
0
Suppose -5*w = -0*w + 25. Let r(z) = -z**3 - 4*z**2 + 4*z - 1. Let c be r(w). Let j(o) = o**2 - 6*o - 4. What is j(c)?
-12
Let b(k) = k**3 - 3*k**2 - 6*k + 4. Suppose -5*p - q + 22 = 0, -2*p + 5*q - 22 = -5*p. Let s be ((-8)/(-3))/(p/6). Calculate b(s).
-4
Suppose 3*o + 5*g = 2*o + 27, -2*o + 12 = -4*g. Let x = o + -7. Let h(n) = 3*n + n + 1 - n + x*n. Give h(1).
9
Let r(g) = 2 + 5*g**3 - g**3 + 6*g**2 - 5*g**3. Give r(6).
2
Let d(c) = c**2 + 5*c. Let g be d(-6). Suppose 4*t + 12 = -3*p, -3*t - g*p + p = -2. Let h(i) = -i**3 - 7*i**2 - 6*i + 3. Determine h(t).
3
Let t(w) = w**2 - 5*w + 2. Let m(v) = v**3 + 4*v**2 + 2*v. Let b be m(-3). Determine t(b).
-4
Let a = -5 + 10. Let b(q) be the third derivative of 1/15*q**5 + 0 + 7/6*q**3 + 1/8*q**4 - 1/120*q**6 - 3*q**2 + 0*q. Calculate b(a).
-3
Let q(l) = 3 - 6*l**2 - 6*l + 5*l**2 + 1. Suppose 7 = 2*n - 3, 4*h = 4*n - 12. Let f be (h/5)/(3/(-30)). Calculate q(f).
12
Let q(y) = -y + 3. Let o(f) = -f**2 + f - 4. Suppose -4*h - 5*r - 32 = -0*h, 0 = -h - 4*r - 19. Let u be o(h). Let t be (u/(-10))/((-4)/(-10)). What is q(t)?
-1
Let v(n) = 4*n + 62. Let b be v(-17). Let w(f) = -f**2 - 9*f - 9. What is w(b)?
9
Let h(w) = -w**2 + w + 1. Let x(o) = 5*o**2 - 1. Let p(v) = -3*h(v) - x(v). Calculate p(-3).
-11
Let k(l) = 2*l + 0*l - l. Let j(t) = -6*t - 3*t - 6*t. Let y(z) = -j(z) - 12*k(z). What is y(2)?
6
Suppose -16*a - 14 = -62. Let s(r) be the first derivative of -3*r**2/2 + 3*r + 1. Calculate s(a).
-6
Let a(q) = q**3 + 5*q**2 + 3*q - 1. Let o be a(-4). Suppose n - 10 = 3*n, 0 = -2*h + o*n + 25. Let m(i) = i**2 - 5*i - 4. Calculate m(h).
-4
Let w(s) = -3*s - 1. Let g(d) = -1 - 9*d + 2 + 12*d. Let n(v) = 4*g(v) + 5*w(v). Determine n(-5).
14
Suppose 5*s = 32 - 2. Let q(y) = -3*y**2 + 4*y - 3. Let g(j) = -13*j**2 + 15*j - 11. Let b(f) = 2*g(f) - 9*q(f). Determine b(s).
5
Let w(v) = v**2 + 1. Let t = -5 - -9. Suppose 0 = t*g, 5*k - 5 = 4*k + 3*g. Suppose 0 = 4*f - 5*s - 0 + 5, 0 = 5*s - k. Determine w(f).
1
Let q(w) = 2*w**2 + w - 1. Let j be q(1). Let l(s) = 2*s**2 + s + s - s. Calculate l(j).
10
Suppose 117*a = 113*a - 4. Let x(h) = -9*h**2 - 1. Determine x(a).
-10
Let n(u) be the first derivative of u**3/3 + 2*u**2 - 8*u + 7. Calculate n(-6).
4
Let x be (24/(-10))/(9/60). Let d = x - -17. Let c(k) = 3*k. What is c(d)?
3
Let r(z) = -z + 5. Suppose -2*t - 27 = -9. Let v(c) = -2*c + 9. Let j(y) = t*r(y) + 4*v(y). Determine j(4).
-5
Let m(q) = 3*q + 3. Let u(z) = -4*z - 4. Suppose -3*h = -x + 12, 0 = 3*x + 2*x + 15. Let t(s) = h*u(s) - 7*m(s). What is t(3)?
-4
Let c(q) be the second derivative of 1/12*q**4 + 0 - 7/6*q**3 + 2*q**2 - q. Let n = -1 - -6. What is c(n)?
-6
Suppose -2*o + 0*o = -q - 5, 0 = 5*o + 5*q - 20. Let w(j) = -j + 2. Let h be w(